 + 51 + -8.
54
What is 30 - 137 - (69 - 130)?
-46
Evaluate 239 + (-153 - -255) + -207.
134
Calculate 6152 + -6227 + -3 + 26.
-52
Evaluate (-1 - 1 - (-1 + 9)) + 161 + -309 + 82.
-76
(-114 - (0 - (7 + 13))) + 27
-67
Calculate -10 + -11 + -11 + 45 + -13.
0
Calculate -14 + (-1 - (-13 - 1 - -21)).
-22
What is the value of -9 + ((-1 - 3) + (13 - (-1 + 20)) - -93)?
74
What is (-10 + 37 - 12) + (-6 - (7 + -1 - 21))?
24
Calculate (63 - (-11 + 92)) + 1 + -32.
-49
What is the value of (9 + -65 - -30) + 65?
39
Calculate -78 + -142 + 165 + -40.
-95
(-117 - 43 - -165) + 0 + 3
8
What is the value of (9 - (14 + -11 + 7)) + -32?
-33
What is 87 - 2 - (5 + -9 + (-33 - -37))?
85
78 + 8 - (-3 - (-3 - ((20 - 0) + -6)))
72
What is the value of -44 + (3 - -3) + (144 - 176)?
-70
What is the value of 1 + -1 + 1 - ((-1517 - -1476) + -1 + 120)?
-77
What is 55 + 16 + (-34 + 17 - 9)?
45
-101 + (12 - 24 - -40)
-73
What is the value of (4 + 41 - (-76 - -258)) + 29?
-108
What is -4 + (0 - -42) + 731 + -839?
-70
What is the value of -14 + 13 + (9 - (-3 - -8))?
3
Calculate 19 - (-9 - (12 - 25 - 8 - -1)).
8
487 + -571 - (-53 + 2)
-33
Calculate -16 + -4 + 17 + 2 + -13.
-14
What is 20 + (-4 + -1 - -8) + 19?
42
What is 0 + -50 + (6 - (-11 + 11 + 0 + 2))?
-46
What is 7 + 4 + 20 + 669 + -668?
32
What is the value of (3 + -80 - (99 - 90)) + -7 + 5 + 3?
-85
-41 + (-76 - -127) - (123 - (3 + 4 + -3))
-109
Calculate 14 - (-4 + -56) - 47.
27
20 + (16 + 10 + -20 - 30)
-4
What is the value of 12 + -19 + 46 - ((-4 - -1) + 3)?
39
What is the value of 18 + (34 - (34 - -8))?
10
Evaluate (56 - (-147 - -233)) + (1 - 40).
-69
Evaluate (-28 + 39 + 2 - (-1 - -7)) + -16.
-9
Calculate -123 + (18 + -11 - 6 - (4 - 5)) + 11.
-110
Evaluate 1 + 5 - (-55 + (68 - 36)) - 10.
19
What is -20 - (-4 + 0 + 6 + -3) - (-7 - -3)?
-15
Calculate -52 + (57 - 29 - -59).
35
Calculate (24 - (1 + (14 - (-6 + 9)))) + -65.
-53
What is 4 - (138 + -4) - (-346 + 350 + (-14 - 1))?
-119
Calculate 82 - (-54 + -18 + 149).
5
What is 1 + (-1 - -16) + (-102 - -73)?
-13
Evaluate -391 + 323 + (-30 + 40 - (-1 + 3)).
-60
Evaluate 2 + -3 + (25 - -1) + (1 + 4 - 10).
20
Calculate (-43 - -55) + -27 + 3 + 1 + 15.
4
Evaluate 21 + -3 - (-20 - (-28 + 14 + 1)).
25
What is the value of -12 + (-18 - (-16 - -12)) + -26?
-52
(-2 + 11 - (-1 + 7)) + (0 + -47 - 4)
-48
What is the value of 25 - (-89 + 64 - -108)?
-58
Evaluate -11 + -13 + (-7 - (4 - (22 - -2))) + -25.
-36
Evaluate -21 + (1 - 2 - 11 - -3 - (-1 + -2)).
-27
(-21 - (-5 + -33)) + (0 - 14)
3
Calculate 18 + 0 + 30 + (6 + -1 - 25).
28
Calculate (-14 - (26 + 55)) + (-9 + -2 - -11).
-95
What is the value of 32 - (-42 + 16 + 37 - (-2 - -1 - -5))?
25
Evaluate -59 - -258 - 71 - 170.
-42
What is (-1 - (1 - -41) - (1428 + -1433)) + 8?
-30
What is (66 + (-11 - 0) - 6) + -5 + -3?
41
Calculate (-33 - 6 - -85) + -125.
-79
Evaluate (-4 - 83) + (12 - (-15 + 6)) + -13.
-79
Calculate 34 - 1 - (172 + (-26 - 223)).
110
Calculate 34 - (-2 - (-47 + (-62 - -30))).
-43
-39 - (-35 + (-75 - -86))
-15
What is -92 - -12 - (393 + -447)?
-26
What is the value of (-1 - 97) + (112 - (-191 - -284)) + -1 + -32?
-112
What is 57926 + -57931 + ((-2 - -1) + -1 - (-61 - 0))?
54
1 + 27 - (-1760 - -1745)
43
-36 + 27 + 35 + -37 + -11
-22
What is the value of 55 + -91 + 55 + -57?
-38
What is (0 + 4 + -1 - -97) + -86 + 72 + 10?
96
What is the value of -176 + 1 - (3898 - 3984)?
-89
278 + -284 + (25 - 2)
17
Calculate (1 - -2) + 14 + -7 - (-87 - 26 - -27).
96
Evaluate (55 - (37 - -32)) + -10.
-24
Evaluate (0 - (-8 + 0 - (-2 - 0))) + -8551 + 8529.
-16
What is the value of (4 - (6 + -2)) + -6 + (-28 - -29)?
-5
What is the value of 6 - 77 - -92 - (-19 - -2)?
38
What is -15 - (2 - ((17 - 29) + 18))?
-11
-7 + 29 + 1 + -45 + 17
-5
-6 + (-10 + (16 - 1) - 14) - 4
-19
Evaluate 3 + -12 + (604 - 603).
-8
What is (-29 - -16) + -52 + 60?
-5
Evaluate 10 + (-2 + -13 - -6) + -101 + -2.
-102
What is -2 + (60 - (6 - 5)) - (79 - 75)?
53
Calculate 84 - (41 - -31 - -22).
-10
(-1 - -47 - (187 + -124)) + -82 + 1
-98
Calculate 10 + (-12 - -2) + 39 + (2 - -3) + -2.
42
What is 16 - 7 - (-239 - -257)?
-9
20 - 1 - 17 - (2 + 1)
-1
24 - (9 + (-27 - -35) + -16 + (12 - 1))
12
Evaluate -9 - ((3 - 0) + (-131 - -113)).
6
What is (97 + 34 + -33 - 22) + (8 - 3)?
81
Evaluate 37 + (21 - (15 + 61)).
-18
What is the value of -2 + 54 + 9 + (-26 - (15 - 16))?
36
Calculate -5 - (39 + 4 - (5 + -3) - (115 - 113)).
-44
What is the value of -2 - 1 - (-565 - -572 - (0 - 2))?
-12
Calculate 5 + (-35 - (-25 + 11) - -18).
2
-12 + 0 + -200 + 268
56
What is the value of 24 + (28 - -11) - (22 - 14)?
55
Evaluate 35 - (27 - -9 - 37).
36
Evaluate (7 - 6 - 7) + (0 - -12) + -17.
-11
What is 67 + (1 - 4 - (-51 - (-69 + -1)))?
45
Calculate -53 - (-23 + (13 - (6 - (17 + -5)))).
-49
What is the value of 77 + -96 - (-3 - -29 - 7)?
-38
What is the value of -64 + 52 - -15 - (61 + -3)?
-55
Evaluate (112 + -54 - 86) + (1 - -12) + 117.
102
What is -27 + 114 + (-3 - 0 - 24)?
60
Evaluate 16 - (-13 + -1 - -2 - (-23 - -11)) - 8.
8
Calculate -11 + 3 + -21 - (4 + -79).
46
What is 122 + (-1185 - -1160) + (0 - -17)?
114
What is the value of -1 + 59 - 23 - 124?
-89
What is the value of 10 + 1 + 0 - (-19095 + 19192)?
-86
Calculate 207 - 42 - (379 - 305).
91
(22 - 59 - -21) + 26 + -49 + 0
-39
-7 + 1 + (-42 - (-36 - 7)) - -47
42
What is 73 - (-15 - -30 - -34)?
24
Calculate (2 - (-3 - -26) - -8) + (-198 - -210).
-1
What is -32 - (-60 - (0 + (-23 - -44)))?
49
What is 13 + (-20 - (7 + -12)) + -13?
-15
25 + (-135 + 33 - 13) + 7
-83
Evaluate -5 + 1 + 15 - (505 + -485).
-9
0 + 0 + -14 + -1 + 8
-7
What is (-8 - -1) + 47 + -61 - 11?
-32
(2 - -5) + (-6 - 20) + 20 + 28
29
(-9 - -45 - 24 - 4) + -32
-24
What is the value of 17 + -45 + 32 + 42?
46
What is the value of -44 + (59 - 50) + 23?
-12
Calculate -12 - 7 - (-22 + 2 + 36).
-35
What is the value of 3624 + -3606 + (-2 - (-10 - 2))?
28
Calculate 5 + -353 + 291 + -1 + 1 + 0.
-57
What is the value of 0 + 22 - (-844 - -855) - (-4 - -28)?
-13
Calculate 146 + -134 + 2 + 56.
70
What is -807 + 766 + 1 + (9 - -3)?
-28
What is -61 - (-48 + (26 - 34))?
-5
What is 0 + -13 - 6 - (266 + -276)?
-9
What is -45 - (126 - (-1 - (-18 - 13)))?
-141
What is the value of 37 - -4 - -10 - 65?
-14
45 + -43 - (3 - (36 + (-7 - -13)))
41
(10 - -1) + -13 + 2 + 3 + -36 + 9
-24
What is the value of 41 + (-105 - -101) + -2 + (-2 - -3)?
36
Calculate (0 - -57 - -1) + (8 - -14 - (238 - 210)).
52
Calculate (-8 - -54) + (-71 - -68).
43
116 - 147 - (-20 + -4)
-7
Calculate 10 + (35 - 14) + -66 + -15.
-50
Evaluate 115 + -8 + 15 + (11 - -6) + (-13 - -3).
129
What is the value of -5 - ((-7 + -33 - -7) + (20 - (43 + -23)))?
28
What is 32 - (-16 + (17 - (2 - -9)))?
42
-2 + 2 + -54 + (50 + 18 - 32 - 46)
-64
Calculate 74 + (-51 - (-36 - -10)) - (-6 + 1).
54
What is -155 - -130 - (-9 + -53)?
37
Calculate 10 + 102 + (-36 - -18) - (1 + 0 - 8).
101
What is the value of (2 - 5 - -69) + (30 - (-23 - -93) - -29)?
55
What is the value of 67 + (27 - 13 - 77)?
4
What is the value of 139 + -6 + -69 + -13 + 74?
125
Calculate -487 + 523 - (2 - -56).
-22
3 + -57 - (-43 - (-15 - 35))
-61
Calculate (15 - 3) + (-22 - (-24 + -70)).
84
What is the value of (-8 - (-17 - -28 - 6)) + (1 - 43)?
-55
Evaluate (11 - (-7 - -42)) + 5 + -21.
-40
What is 9 + (-4 - (-6 + 26 + 4))?
-19
What is 10 + (-41 - -224 - 88)?
105
84 + -23 + (9 + -9 - (14 + -10))
57
What is the value of -11 + 31 + -24 + -89 + 7 + -14 - 7?
-107
What is the value of (555 - 593) + 5 + 126?
93
Calculate 0 + -17 + 13 + (-10 - -38) + -11.
13
(-12 + 9 + -6 + 32 - 8) + -7 + 4
12
Calculate 1 - 142 - (-17313 + 17130).
42
What is 3 - (0 + 69) - (-3743 - -3712)?
-35
Evaluate -12 - -2 - (-37 - -45 - 46).
28
Calculate (-6 - (-31 - -1)) + -24.
0
What is 483 + -474 + (0 - (2 + -1)) - (-6 + 0)?
14
Evaluate -32 - -20 - ((-92 - -11) + 6).
63
What is the value of 334 + -222 + (1 - -3) + 6?
122
Calculate 7 + 31 + -67 - -5 - (1 - -3).
-28
-3 - -56 - (3505 - 3495)
43
Evaluate 12 + -52 + 29 + 63.
52
Calculate 1 + -11 + (203 - 242) + -27.
-76
What is the value of -67 + (40 - -7 - 31) + 26?
-25
Evaluate 290 + -292 + (-2 + 3 - (0 + 37)).
-38
What is the value of -20 - (-23 - 36 - 34)?
73
Evaluate 199 - 185 - (19 + -15 + 99).
-89
Evaluate 13 + -36 + -1 - -79 - (1 + 15).
39
What is (13 - ((-6 - (3 + -8)) + 3))